pose -3*g - 6 = -x. What is the tens digit of g?
3
Let v = -18 + -3. Let q = -7 - v. What is the units digit of q?
4
Suppose -52*g + 54*g = 8. Suppose -328 = 4*c + 2*b - 1054, -3*c - g*b = -532. What is the units digit of c?
4
Let g(w) = 280*w**2 + 19*w + 18. What is the units digit of g(-1)?
9
Suppose 0 = 2*f - 2*u - 1408, -854 = -f + 2*u - 155. What is the tens digit of f?
0
Let c(v) = -v**3 - v**2 + 29*v + 46. Let f be c(-5). Let b be 4/(-18) + (-2)/(-9). Suppose g + f = b, -2*u + 0*g = -3*g - 63. What is the tens digit of u?
3
Let b(q) = -10*q + 10. Let z be b(-4). Let n be (142/5)/(5/z). Suppose 0 = -6*s + n - 26. What is the tens digit of s?
4
Let w be ((-24)/5)/(12/40). Let g = 16 - -20. Let a = w + g. What is the tens digit of a?
2
Let i(s) = 33*s**2 - 20*s - 18. What is the hundreds digit of i(-6)?
2
Let v(k) = -k**3 + 14*k**2 + 88*k - 57. What is the hundreds digit of v(16)?
8
Let r(j) = 3*j**2 + 24*j + 2. Let d be r(-8). Suppose -5*k + 15 = 0, -c + 0*c + 244 = -d*k. What is the tens digit of c?
5
Suppose 2*p - 64 = -10. Suppose 5*g - 10 = 0, b - 63 - p = -3*g. Suppose 3*m - b = -3*k, 4*k - m - 48 = 59. What is the tens digit of k?
2
Let c = 50 - 47. Suppose c*u - 642 = -15. What is the units digit of u?
9
Let z = 223 - 105. Let c = z - 52. What is the tens digit of c?
6
Suppose -q + 4*q - 6 = 0. Let p be (-18)/(-4)*(2 - (-10)/(-15)). Suppose -u - p = -q*u. What is the units digit of u?
6
Let o = -31 - -45. Let f be o/(-35) + 24/10. Suppose 6*v - v - 201 = -f*y, 4*y = 4*v - 172. What is the units digit of v?
1
Suppose 9*t = 5*t + 2960. Let j be 42/4*40/6. What is the units digit of t/j + (-6)/(-14)?
1
Suppose 4*d - 3*d = -2*s + 83, 5*d = -5*s + 220. Let y = s + 6. What is the tens digit of y?
4
Suppose -4 = 2*h - 8. Let i = 24 - 21. Suppose 3*d - 3*c = 51, h*d - 14 = -0*d - i*c. What is the units digit of d?
3
Suppose -d = 83 - 261. What is the tens digit of d?
7
Let k(l) = 4*l - 5. Let m be k(5). Let x(c) = -5*c - 4 + 3*c + 5 + m*c**2 + 4. What is the tens digit of x(2)?
6
Suppose v + 870 = 4721. What is the hundreds digit of v?
8
Let f(a) = 39*a**2 - 2*a + 1. Suppose 2*y - 2 = -0*y. Let x be f(y). Suppose 5*o - x - 12 = 0. What is the tens digit of o?
1
Suppose -16*c - 1471 + 16383 = 0. What is the hundreds digit of c?
9
Let z be 61 + 2/(-1 + -1). Suppose -l - w = -129, -253 = -2*l + 8*w - 9*w. Let a = l - z. What is the units digit of a?
4
Let c = 20 - 16. Let t be (-10)/c*752/(-40). Suppose -2 = -n + t. What is the units digit of n?
9
Suppose -28 = -4*q + 3*u, -2*q + 0*u + 4*u = -24. Let a be 4*1/((-4)/(-11)). Let y = a + q. What is the tens digit of y?
1
Let w = -642 + 1165. What is the hundreds digit of w?
5
Suppose -4*r + 542 = -38. Suppose 4*g = -g - r. Let v = g + 43. What is the tens digit of v?
1
Let f be 2*((-52)/(-8) + 0). Let w(x) = -2*x**2 + 28*x - 13. What is the units digit of w(f)?
3
Suppose 0 = -l - 14*h + 12*h + 443, -5*l = -h - 2215. What is the tens digit of l?
4
What is the units digit of (-13 - -3)*((-9534)/(-5))/(-7)?
4
Suppose -y = y - 8. Suppose 2*d - 5 = 4*k + 25, -3*d - y*k - 5 = 0. Suppose -a = d*b - 4*b - 17, -a + 25 = 3*b. What is the units digit of a?
3
Let v = -367 - -2134. What is the units digit of v?
7
Suppose 12*v - 4464 = 3*v. What is the hundreds digit of v?
4
Let x = 265 - 160. What is the tens digit of x?
0
Let v(u) be the third derivative of -u**6/120 - u**5/20 - u**4/12 + u**3/3 - 9*u**2. Let a be v(-5). Let j = 110 - a. What is the tens digit of j?
4
Let d(p) = p**3 - p**2 - p + 6. Let m(n) = -n**3 + 2*n - 5. Let f(c) = 5*d(c) + 6*m(c). What is the units digit of f(-7)?
9
Suppose 0 = -4*m - 5*w + 13 + 56, -2*w - 34 = -4*m. Suppose 7*p - 4 = 3*p. Let y = p + m. What is the tens digit of y?
1
Let g = 158 - 70. What is the tens digit of g?
8
Suppose 4*f = -8*k + 3*k + 3342, 5*f - 2670 = -4*k. What is the hundreds digit of k?
6
Suppose 0*m + 5*m + 285 = 0. Let t be 161/(-2) + 2/4. Let g = m - t. What is the tens digit of g?
2
Suppose 0 = 2*g - j - 2114, -3*j = g + 589 - 1639. What is the units digit of g?
6
Let m(t) = 3*t - 13. Let z(s) = -s + 3. Let w(l) = -2*m(l) - 9*z(l). Let i(c) = c**3 - 5*c**2 + 5*c. Let k be i(4). What is the tens digit of w(k)?
1
Suppose 3*h = -2*h + 15. Let v be 0 - -1*h/1. Suppose -3*w + 3*x + 15 = 0, 4*x = -2*w - v*w - 2. What is the units digit of w?
2
Let l(i) = 13*i + 1. Let k be l(-7). Let a = -44 - k. Suppose 41 = 3*z - 4*f, 5*f + a = 3*z - 0*f. What is the units digit of z?
7
Suppose 1215 = 4*z + z. Let c be ((-10)/(-30))/(1/z). Let p = c + -16. What is the tens digit of p?
6
Let w(x) = -9*x - 1. Let j be w(-6). Let h = j + -22. Let s = h + -18. What is the tens digit of s?
1
Suppose -d = 2*u - 66, d + u = 2*d - 51. What is the tens digit of d?
5
Let k(f) = 2*f**2 + 47*f + 1. What is the hundreds digit of k(10)?
6
Suppose -4*v + 1449 = q, -4*q + 0 = -4. Suppose 4*s = 5*l + v, 0 + 6 = -3*l. What is the units digit of s?
8
Let k(u) = -105*u**3 + 6. What is the hundreds digit of k(-2)?
8
Let z be (-99)/(-22)*2/3. Suppose 4*n = 5*q + 159, -z*n - 5*q = -8*n + 205. Suppose -44 = -5*a + n. What is the tens digit of a?
1
Let z(h) = h**3 + 5*h**2 + 5*h + 8. Let g be z(-6). Let a be (0 - -2 - 3) + g. Let x = a + 91. What is the units digit of x?
2
Let r(b) = -b**3 - 20*b**2 - 10*b + 40. Let s be r(-20). Suppose -5*p = -o - 1168, 4*o - o = -p + s. What is the hundreds digit of p?
2
Let u(l) = 454*l**2 - 3*l - 1. Let k be u(-1). Suppose -40*f + 44*f - k = 0. What is the hundreds digit of f?
1
Let d = 155 - 85. What is the tens digit of 0/1 - d/(-7)?
1
Let k = 13 + -12. Let p be (k - 0)*(-6 + 4). Let t(a) = -6*a + 1. What is the units digit of t(p)?
3
Let l(n) = -2*n + 18. Let x be 90/(-8) + (-10)/(-40). Let w = -4 - x. What is the units digit of l(w)?
4
Let d(q) be the first derivative of q**6/360 + q**5/120 + q**4/12 - 2*q**3/3 + 3. Let j(l) be the third derivative of d(l). What is the units digit of j(-4)?
4
Let z be (3 - 3/1)/(-2) + 12. Suppose -14*m + 126 = -z*m. What is the tens digit of m?
6
Let l = -1276 + 2995. What is the units digit of l?
9
What is the tens digit of (-49019)/(-9) - (-5 - (-861)/189)?
4
Let c(o) = 2*o**2 - o - 3*o - 10*o + 13. Let v(z) = 9*z**2 + 32*z + 32. Let s be v(-1). What is the units digit of c(s)?
9
Suppose -4*z + 12 = -0*z. Suppose 2*n = z*h + 4, 3*n - 2*h - 14 + 3 = 0. Suppose -3*k = -n*c + 47, -3*c + 33 = 2*k + k. What is the units digit of c?
0
Let z be 0/(0 + -4 + 2). Suppose 0 = -z*l + 2*l + 56. Let r = 6 - l. What is the tens digit of r?
3
Let j = -357 - -895. What is the units digit of j?
8
Let q(m) be the third derivative of -2*m**4/3 + 11*m**3/6 - 13*m**2. What is the units digit of q(-3)?
9
Suppose 0 = 5*b + 4*z - 1171, -726 + 268 = -2*b + z. What is the tens digit of b?
3
Let v = -7737 - -11436. What is the hundreds digit of v?
6
Let o(p) = 3*p**3 + 5*p**2 - 2*p - 34. What is the hundreds digit of o(8)?
8
Suppose -s - 14 = -4*m, 5*s = 2*m - m - 13. Suppose -335 = -m*p + 106. What is the hundreds digit of p?
1
Suppose 0 = k - 5*v - 16 - 64, -5*k + v = -280. Let m = 42 + k. What is the tens digit of m?
9
Let m = 2395 - 1474. What is the units digit of m?
1
Suppose 10 = k + k. Suppose r = s - 9, 3*r = 2*r - k. Suppose s*a = 16, 2*c - 5*a + 0*a = 82. What is the units digit of c?
1
Suppose -4*p = 4*g - 16, -4*p - 6*g = -g - 18. Let t = -86 + 131. Suppose -p*y + t = 4*u - 9*u, 2*y + 4*u = 0. What is the units digit of y?
0
Let l = -139 + 3. Let t = 7 - l. What is the tens digit of t?
4
Let f = 84 + -60. Let q = 105 - 67. Let o = q - f. What is the units digit of o?
4
Let o(t) = -t - 3. Let a be -3*(-2)/12*-4. Let z be o(a). Let i = 13 - z. What is the units digit of i?
4
Let q(a) = 143*a**3 + a**2 - 3*a + 2. Let m be q(1). Let r = m - 81. What is the tens digit of r?
6
Suppose -5*i - f + 2095 = 4*f, 0 = -3*i + f + 1245. What is the hundreds digit of i?
4
Let n(y) = 2*y + 18. Let a be n(-5). Suppose d = -a*d + 1251. What is the hundreds digit of d?
1
Let p(m) = 2 - m**3 + 0*m - m**2 + m + 7*m - 4*m**2. What is the units digit of p(-7)?
4
Suppose 5*a - 481 = 1059. Suppose a = 2*u - 0*u. What is the units digit of u?
4
Suppose -946 = -3*j + 4*b, 6*j - 1273 = 2*j + 3*b. What is the tens digit of j?
2
What is the hundreds digit of 